{"id":2553,"date":"2025-12-05T15:05:43","date_gmt":"2025-12-05T14:05:43","guid":{"rendered":"https:\/\/eddy-collector.de\/woocommerce\/?post_type=product&#038;p=2553"},"modified":"2026-04-03T15:19:38","modified_gmt":"2026-04-03T13:19:38","slug":"ml-legendary-barbarian","status":"publish","type":"product","link":"https:\/\/eddy-collector.de\/woocommerce\/produkt\/ml-legendary-barbarian\/","title":{"rendered":"4H Mythic Legions Action-Figur Legendary Barbarian (exclusive)"},"content":{"rendered":"<p>Circa 18 cm (7 Zoll) hohe Actionfigur &#8222;Legendary Barbarian&#8220; aus der Serie &#8222;Mythic Legions&#8220; von den preisgekr\u00f6nten Four Horsemen Studios. Enthaltenes Zubeh\u00f6r: Kampfaxt, gro\u00dfes Schwert und Schild. Zwei Wechselk\u00f6pfe enthalten: 1x b\u00e4rtiger Kopf mit Helm &amp; 1x Kopf mit 3 austauschbaren Haar Teilen.<\/p>\n<p>Auf den Produktfotos ist ein originalverpacktes Exemplar abgebildet. Leichte farbliche Abweichungen sind fotografisch bedingt m\u00f6glich.<\/p>\n","protected":false},"excerpt":{"rendered":"<p>Circa 18 cm (7 Zoll) hohe Actionfigur &#8222;Legendary Barbarian&#8220; aus der Serie &#8222;Mythic Legions&#8220; von den preisgekr\u00f6nten Four Horsemen Studios. Enthaltenes Zubeh\u00f6r: Kampfaxt, gro\u00dfes Schwert und Schild. Zwei Wechselk\u00f6pfe enthalten: 1x b\u00e4rtiger Kopf mit Helm &amp; 1x Kopf mit 3 austauschbaren Haar Teilen. Auf den Produktfotos ist ein originalverpacktes Exemplar abgebildet. Leichte farbliche Abweichungen sind [&hellip;]<\/p>\n","protected":false},"featured_media":2554,"template":"","meta":{"jetpack_publicize_message":"","jetpack_publicize_feature_enabled":true,"jetpack_social_post_already_shared":true,"jetpack_social_options":{"image_generator_settings":{"template":"highway","default_image_id":0,"font":"","enabled":false},"version":2}},"product_brand":[],"product_cat":[296,34],"product_tag":[514,156,69,513,326,68,86,74,75],"class_list":{"0":"post-2553","1":"product","2":"type-product","3":"status-publish","4":"has-post-thumbnail","6":"product_cat-exclusives","7":"product_cat-mythic-legions","8":"product_tag-barbarian","9":"product_tag-exclusive","10":"product_tag-four-horsemen","11":"product_tag-legendary","12":"product_tag-legion","13":"product_tag-legions","14":"product_tag-mystic","15":"product_tag-mythic","16":"product_tag-mythoss","18":"first","19":"instock","20":"shipping-taxable","21":"purchasable","22":"product-type-simple"},"jetpack_publicize_connections":[],"jetpack-related-posts":[],"jetpack_sharing_enabled":true,"_links":{"self":[{"href":"https:\/\/eddy-collector.de\/woocommerce\/wp-json\/wp\/v2\/product\/2553","targetHints":{"allow":["GET"]}}],"collection":[{"href":"https:\/\/eddy-collector.de\/woocommerce\/wp-json\/wp\/v2\/product"}],"about":[{"href":"https:\/\/eddy-collector.de\/woocommerce\/wp-json\/wp\/v2\/types\/product"}],"wp:featuredmedia":[{"embeddable":true,"href":"https:\/\/eddy-collector.de\/woocommerce\/wp-json\/wp\/v2\/media\/2554"}],"wp:attachment":[{"href":"https:\/\/eddy-collector.de\/woocommerce\/wp-json\/wp\/v2\/media?parent=2553"}],"wp:term":[{"taxonomy":"product_brand","embeddable":true,"href":"https:\/\/eddy-collector.de\/woocommerce\/wp-json\/wp\/v2\/product_brand?post=2553"},{"taxonomy":"product_cat","embeddable":true,"href":"https:\/\/eddy-collector.de\/woocommerce\/wp-json\/wp\/v2\/product_cat?post=2553"},{"taxonomy":"product_tag","embeddable":true,"href":"https:\/\/eddy-collector.de\/woocommerce\/wp-json\/wp\/v2\/product_tag?post=2553"}],"curies":[{"name":"wp","href":"https:\/\/api.w.org\/{rel}","templated":true}]}}